{"id":1531,"date":"2023-03-23T17:15:40","date_gmt":"2023-03-23T17:15:40","guid":{"rendered":"https:\/\/auto-ecole-nevers.com\/?page_id=1531"},"modified":"2023-03-29T11:47:21","modified_gmt":"2023-03-29T11:47:21","slug":"enjeux-permis-a","status":"publish","type":"page","link":"https:\/\/auto-ecole-nevers.com\/?page_id=1531","title":{"rendered":"Enjeux Permis A"},"content":{"rendered":"<p>[vc_row css=\u00a0\u00bb.vc_custom_1678722370488{margin-bottom: 20px !important;}\u00a0\u00bb][vc_column]<div id=\"ultimate-heading-147569fb304dbaea6\" class=\"uvc-heading ult-adjust-bottom-margin ultimate-heading-147569fb304dbaea6 uvc-743 accent-border-color uvc-heading-default-font-sizes\" data-hspacer=\"line_only\"  data-halign=\"left\" style=\"text-align:left\"><div class=\"uvc-main-heading ult-responsive\"  data-ultimate-target='.uvc-heading.ultimate-heading-147569fb304dbaea6 h2'  data-responsive-json-new='{\"font-size\":\"\",\"line-height\":\"\"}' ><h2 style=\"--font-weight:theme;\">ENJEUX et d\u00e9roulement de la formation<\/h2><\/div><div class=\"uvc-heading-spacer line_only\" style=\"topheight:4px;\"><span class=\"uvc-headings-line\" style=\"border-style:solid;border-bottom-width:4px;border-color:#f6f7f7;width:50px;\"><\/span><\/div><\/div>[\/vc_column][\/vc_row][vc_row][vc_column][vc_column_text]<\/p>\n<h3>La dimension sociale de l&rsquo;usage de la motocyclette, au m\u00eame titre que l&rsquo;automobile, se d\u00e9veloppe fortement. Au del\u00e0 du plaisir de conduire et des loisirs, il devient aussi un outil pratique de d\u00e9placement pour les \u00e9tudes, le travail.<\/h3>\n<p>Les conducteurs de motocyclette sont largement surexpos\u00e9s aux risques routiers.<\/p>\n<p>L&rsquo;effort de renforcement de l&rsquo;\u00e9ducation et de la formation \u00e0 la conduite de ce type de v\u00e9hicule doit donc \u00eatre poursuivi.<\/p>\n<p>L&rsquo;objectif g\u00e9n\u00e9ral de la formation est d&rsquo;amener tous conducteurs \u00e0 la ma\u00eetrise de comp\u00e9tences\u00a0 en terme de savoirs, savoir-\u00eatre, savoir-faire et savoir-devenir.<\/p>\n<p>L&rsquo;\u00e9preuve pratique de l&rsquo;examen du permis de conduire des cat\u00e9gorie A1 et A2 comporte deux phases :<\/p>\n<ul>\n<li>Hors circulation (plateau)<\/li>\n<li>Circulation<\/li>\n<\/ul>\n<p>Ces deux phases de l&rsquo;\u00e9preuve pratique sont \u00e9valu\u00e9es par un inspecteur du permis de conduire et de la s\u00e9curit\u00e9 routi\u00e8re.[\/vc_column_text][\/vc_column][\/vc_row][vc_row][vc_column]<div id=\"ultimate-heading-288569fb304dbaee2\" class=\"uvc-heading ult-adjust-bottom-margin ultimate-heading-288569fb304dbaee2 uvc-8303 accent-border-color uvc-heading-default-font-sizes\" data-hspacer=\"line_only\"  data-halign=\"left\" style=\"text-align:left\"><div class=\"uvc-main-heading ult-responsive\"  data-ultimate-target='.uvc-heading.ultimate-heading-288569fb304dbaee2 h2'  data-responsive-json-new='{\"font-size\":\"\",\"line-height\":\"\"}' ><h2 style=\"--font-weight:theme;\">L'\u00c9PREUVE TH\u00c9ORIQUE MOTO (le code)<\/h2><\/div><div class=\"uvc-heading-spacer line_only\" style=\"topheight:4px;\"><span class=\"uvc-headings-line\" style=\"border-style:solid;border-bottom-width:4px;border-color:#ccc;width:50px;\"><\/span><\/div><\/div>[vc_column_text]Pour r\u00e9ussir cette \u00e9preuve, il faut obtenir au moins 35 bonnes r\u00e9ponses sur 40 questions (5 erreurs maximum). Une r\u00e9ponse est consid\u00e9r\u00e9e juste si toutes les propositions exactes ont \u00e9t\u00e9 valid\u00e9es<\/p>\n<p>Parmi les 40 questions auxquelles vous devrez r\u00e9pondre, certaines sont en vid\u00e9o. Pendant le d\u00e9roul\u00e9 de la vid\u00e9o, pensez \u00e0 \u00e9valuer l&rsquo;intervalle de s\u00e9curit\u00e9 et \u00e0 regarder tous les r\u00e9troviseurs.<\/p>\n<p>Le jour de l&rsquo;examen, pensez \u00e0 apporter votre pi\u00e8ce d&rsquo;identit\u00e9 et votre convocation.<\/p>\n<p>Votre code est valable 5 ans.[\/vc_column_text][\/vc_column][\/vc_row][vc_row][vc_column]<div id=\"ultimate-heading-41969fb304dbaf0c\" class=\"uvc-heading ult-adjust-bottom-margin ultimate-heading-41969fb304dbaf0c uvc-997 accent-border-color uvc-heading-default-font-sizes\" data-hspacer=\"line_only\"  data-halign=\"left\" style=\"text-align:left\"><div class=\"uvc-main-heading ult-responsive\"  data-ultimate-target='.uvc-heading.ultimate-heading-41969fb304dbaf0c h2'  data-responsive-json-new='{\"font-size\":\"\",\"line-height\":\"\"}' ><h2 style=\"--font-weight:theme;\">L'examen PRATIQUE<\/h2><\/div><div class=\"uvc-heading-spacer line_only\" style=\"topheight:4px;\"><span class=\"uvc-headings-line\" style=\"border-style:solid;border-bottom-width:4px;border-color:#ccc;width:50px;\"><\/span><\/div><\/div>[vc_column_text]<\/p>\n<h3>L&rsquo;objectif de l&rsquo;\u00e9preuve en circulation est d&rsquo;\u00e9valuer le niveau de connaissances, des comp\u00e9tences techniques et comportementales que vous avez atteint pour circuler en toute s\u00e9curit\u00e9.<\/h3>\n<p>[\/vc_column_text][vc_column_text css=\u00a0\u00bb.vc_custom_1680084138221{background-color: #dd9933 !important;}\u00a0\u00bb]<\/p>\n<h5>Les \u00e9preuves pratiques ont pour but de v\u00e9rifier que vous avez acquis les comp\u00e9tences n\u00e9cessaires pour conduire seul, sans mettre en danger votre s\u00e9cutrit\u00e9 ou celles des autres.<\/h5>\n<h5>Le r\u00e9sultat de l&rsquo;\u00e9preuve hors circulation est communiqu\u00e9 \u00e0 l&rsquo;issue de la prestation et ce celui de l&rsquo;\u00e9preuve en circulation est communiqu\u00e9 48 heures minimum apr\u00e8s.<\/h5>\n<h5>\u00c0 l&rsquo;issue de l&rsquo;\u00e9preuve, le r\u00e9sultat est not\u00e9 sur le CEPC (Certificat de l&rsquo;\u00c9preuve du Permis de Conduire) t\u00e9l\u00e9chargeable apr\u00e8s 48 heures minimum.<\/h5>\n<h5>En cas de r\u00e9ussite, le CEPC sera votre justificatif aupr\u00e8s des forces de l&rsquo;ordres.<strong>Une d\u00e9marche de fabrication de titre sera \u00e0 effectuer aupr\u00e8s de votre auto-\u00e9cole car le titre du permis de conduire n&rsquo;est pas fait de mani\u00e8re automatique apr\u00e8s r\u00e9ussite.<\/strong><\/h5>\n<p>[\/vc_column_text][\/vc_column][\/vc_row][vc_row][vc_column][vc_column_text]<\/p>\n<h3>L&rsquo;\u00c9PREUVE HORS CIRCULATION<\/h3>\n<p>L&rsquo;objectif de cette \u00e9preuve est d&rsquo;evaluer le niveau des savoirs et savoir-faire que vous avez acquis : code de la route, s\u00e9curit\u00e9 et signalisation routi\u00e8re, \u00e9quilibre et stabilit\u00e9, connaissance et emploi des accessoires et commandes du v\u00e9hicule, freinage.<\/p>\n<p>L&rsquo;\u00e9preuve dite du plateau s&rsquo;effectue sur la piste d&rsquo;examen du centre de l&rsquo;\u00e9preuve du permis de conduire. Choississez bien vos points de rep\u00e8res lors de vos entrainements pour ne pas \u00eatre perturb\u00e9 par le changement des la piste.<\/p>\n<ul>\n<li>Enchainer l&rsquo;ensemble des exercices les uns apr\u00e8s les autres.<\/li>\n<li>2 essais pour r\u00e9aliser l&rsquo;ensemble des exercices<\/li>\n<li>Si \u00e9chec pendant l&rsquo;un des exercices, le deuxieme essai repart du deplacement sans l&rsquo;aide du moteur (poussette).<\/li>\n<\/ul>\n<p>Pour obtenir un r\u00e9sultat favorable \u00e0 cette \u00e9preuve, vous devez obtenir un A ou un B.<\/p>\n<p>Si vous avez un C lors du premier essai, vous avez un deuxi\u00e8me essai.<\/p>\n<ul>\n<li>Si vous avez un C lors du deuxi\u00e8me essai, vous n&rsquo;obtenez pas votre examen hors circulation.<\/li>\n<\/ul>\n<p>[\/vc_column_text][\/vc_column][\/vc_row][vc_row][vc_column][vc_column_text]<\/p>\n<h3>L&rsquo;\u00c9PREUVE CIRCULATION<\/h3>\n<p>Cette \u00e9preuve se d\u00e9roule dans un environnement vari\u00e9 o\u00f9 le candidat doit notamment :<\/p>\n<ul>\n<li>Emprunter des routes droites, n\u00e9gocier des virages ;<\/li>\n<li>Changer de direction, franchir des intersections, utiliser des voies d&rsquo;acc\u00e9l\u00e9ration et de d\u00e9c\u00e9l\u00e9ration ;<\/li>\n<li>R\u00e9aliser un parcours empruntant des voies \u00e0 caract\u00e8re urbain, routier et\/ou autoroutier ;<\/li>\n<li>Quitter un emplacement de stationnement, repartir apr\u00e8s un arret ;<\/li>\n<li>Prendre des pr\u00e9cautions n\u00e9cessaires avant de descendre du v\u00e9hicule.<\/li>\n<\/ul>\n<p>L&rsquo;inspecteur du permis de conduire et de la s\u00e9curit\u00e9 routi\u00e8re r\u00e9alise un bilan des comp\u00e9tences n\u00e9cessaires et fondamentales devant \u00eatre acquises pour une conduite en s\u00e9curit\u00e9 car la conduite est un acte difficile qui engage une responsabilit\u00e9 forte.<\/p>\n<p>L&rsquo;inspecteur du permis de conduire et de la s\u00e9curit\u00e9 routi\u00e8re s&rsquo;attache \u00e0 valoriser vos acquis comportementaux, plut\u00f4t que vos faiblesses. Il r\u00e9alise ainsi un inventaire des points positifs et des points n\u00e9gatifs restitu\u00e9s par rapport \u00e0 une comp\u00e9tence donn\u00e9e.[\/vc_column_text][\/vc_column][\/vc_row]<\/p>\n","protected":false},"excerpt":{"rendered":"<p>[vc_row css=\u00a0\u00bb.vc_custom_1678722370488{margin-bottom: 20px !important;}\u00a0\u00bb][vc_column][\/vc_column][\/vc_row][vc_row][vc_column][vc_column_text] La dimension sociale de l&rsquo;usage de la motocyclette, au m\u00eame titre que l&rsquo;automobile, se d\u00e9veloppe fortement. Au del\u00e0 du plaisir de conduire et des loisirs, il devient aussi un outil pratique de d\u00e9placement pour les \u00e9tudes, le travail. Les conducteurs de motocyclette sont largement surexpos\u00e9s aux risques routiers. L&rsquo;effort de renforcement&hellip;<\/p>\n","protected":false},"author":1,"featured_media":0,"parent":0,"menu_order":0,"comment_status":"closed","ping_status":"closed","template":"","meta":{"footnotes":""},"class_list":["post-1531","page","type-page","status-publish","hentry","description-off"],"aioseo_notices":[],"_links":{"self":[{"href":"https:\/\/auto-ecole-nevers.com\/index.php?rest_route=\/wp\/v2\/pages\/1531","targetHints":{"allow":["GET"]}}],"collection":[{"href":"https:\/\/auto-ecole-nevers.com\/index.php?rest_route=\/wp\/v2\/pages"}],"about":[{"href":"https:\/\/auto-ecole-nevers.com\/index.php?rest_route=\/wp\/v2\/types\/page"}],"author":[{"embeddable":true,"href":"https:\/\/auto-ecole-nevers.com\/index.php?rest_route=\/wp\/v2\/users\/1"}],"replies":[{"embeddable":true,"href":"https:\/\/auto-ecole-nevers.com\/index.php?rest_route=%2Fwp%2Fv2%2Fcomments&post=1531"}],"version-history":[{"count":6,"href":"https:\/\/auto-ecole-nevers.com\/index.php?rest_route=\/wp\/v2\/pages\/1531\/revisions"}],"predecessor-version":[{"id":1565,"href":"https:\/\/auto-ecole-nevers.com\/index.php?rest_route=\/wp\/v2\/pages\/1531\/revisions\/1565"}],"wp:attachment":[{"href":"https:\/\/auto-ecole-nevers.com\/index.php?rest_route=%2Fwp%2Fv2%2Fmedia&parent=1531"}],"curies":[{"name":"wp","href":"https:\/\/api.w.org\/{rel}","templated":true}]}}