{"id":1333,"date":"2023-02-28T15:22:48","date_gmt":"2023-02-28T15:22:48","guid":{"rendered":"https:\/\/auto-ecole-nevers.com\/?page_id=1333"},"modified":"2025-04-09T08:59:52","modified_gmt":"2025-04-09T08:59:52","slug":"permis-b","status":"publish","type":"page","link":"https:\/\/auto-ecole-nevers.com\/?page_id=1333","title":{"rendered":"Permis B"},"content":{"rendered":"<p>[vc_row css=\u00a0\u00bb.vc_custom_1678722370488{margin-bottom: 20px !important;}\u00a0\u00bb][vc_column]<div id=\"ultimate-heading-510969fb3098d2545\" class=\"uvc-heading ult-adjust-bottom-margin ultimate-heading-510969fb3098d2545 uvc-1121 accent-border-color uvc-heading-default-font-sizes\" data-hspacer=\"line_only\"  data-halign=\"left\" style=\"text-align:left\"><div class=\"uvc-main-heading ult-responsive\"  data-ultimate-target='.uvc-heading.ultimate-heading-510969fb3098d2545 h2'  data-responsive-json-new='{\"font-size\":\"\",\"line-height\":\"\"}' ><h2 style=\"--font-weight:theme;\">Plusieurs Fili\u00e8res possibles<\/h2><\/div><div class=\"uvc-heading-spacer line_only\" style=\"topheight:4px;\"><span class=\"uvc-headings-line\" style=\"border-style:solid;border-bottom-width:4px;border-color:#f6f7f7;width:50px;\"><\/span><\/div><\/div>[\/vc_column][\/vc_row][vc_row][vc_column][vc_column_text]<\/p>\n<h3>Apprentissage anticip\u00e9 de la conduite AAC<\/h3>\n<ul>\n<li>Inscription \u00e0 partir de : 15 ans<\/li>\n<li>Formation pratique minimum : 20 heures bo\u00eete manuelle \/ 13 heures bo\u00eete automatique<\/li>\n<li>Phase de conduite accompagn\u00e9e : Un rendez-vous pr\u00e9alable avec accompagnateur(trice)<\/li>\n<li>Conditions minimum requises pour l&rsquo;examen pratique : <strong>2 rendez-vous p\u00e9dagogiques avec pr\u00e9sence d&rsquo;un accompagnateur(trice) et un minimum d&rsquo;un an et 3000Km de conduite accompagn\u00e9e<\/strong><\/li>\n<li>Avantage de la conduite accompagn\u00e9e : <strong>d\u00e9lai de p\u00e9riode probatoire r\u00e9duit \u00e0 2 ans et gain en exp\u00e9rience et autonomie pour plus de r\u00e9ussite \u00e0 l&rsquo;examen pratique<\/strong><\/li>\n<\/ul>\n<p>[\/vc_column_text][vc_column_text css_animation=\u00a0\u00bblightspeedIn\u00a0\u00bb css=\u00a0\u00bb.vc_custom_1744117208447{background-color: #59d600 !important;}\u00a0\u00bb]<\/p>\n<h5 style=\"text-align: center;\">conduite accompagn\u00e9e = parents rassur\u00e9s<\/h5>\n<p>[\/vc_column_text][vc_column_text css_animation=\u00a0\u00bblightSpeedIn\u00a0\u00bb css=\u00a0\u00bb.vc_custom_1744116054942{background-color: #dd9933 !important;}\u00a0\u00bb]<\/p>\n<h5><strong>La conduite accompagn\u00e9e est la formation la plus solicit\u00e9e car :<\/strong><\/h5>\n<ul>\n<li>\n<h5><strong>Elle permet d&rsquo;avoir une formation compl\u00e8te<\/strong><\/h5>\n<\/li>\n<\/ul>\n<h5><strong>Tu b\u00e9n\u00e9ficies d&rsquo;une formation s\u00e9rieuse et tu es entour\u00e9(e) de plusieurs interlocuteurs : l&rsquo;auto-\u00e9cole et les accompagnateurs.<\/strong><\/h5>\n<ul>\n<li>\n<h5><strong>Pas de stress<\/strong><\/h5>\n<\/li>\n<\/ul>\n<h5><strong>La r\u00e9ussite est \u00e0 la clef ! Avec 3000 km sous la p\u00e9dale, tu passes l&rsquo;\u00e9preuve pratique plus d\u00e9tendu(e), tu as plus de chance d&rsquo;avoir le permis du premier coup !<\/strong><\/h5>\n<ul>\n<li>\n<h5><strong>Tu fais des \u00e9conomies<\/strong><\/h5>\n<\/li>\n<\/ul>\n<h5><strong>Si tu as ton permis du premier coup, tu \u00e9conomises &#8230;<\/strong><\/h5>\n<h5><strong>Par exemple, la surprime demand\u00e9e aux conducteurs novices peut \u00eatre diminu\u00e9e de moiti\u00e9 chez certains assureurs.<\/strong><\/h5>\n<h5>La p\u00e9riode probatoire n&rsquo;est pas de 3 ans mais seulement de 2 ans pour toi!<\/h5>\n<h5>Tu r\u00e9cup\u00e8res 3 points par an pendant 2 ans au lieu de 2 points par an pendant 3 ans!<\/h5>\n<p>[\/vc_column_text][\/vc_column][\/vc_row][vc_row][vc_column][vc_column_text]<\/p>\n<div id=\"Info-table-wrap-1765\" class=\"ult_pricing_heading\">\n<h3 class=\"ult-responsive\" data-ultimate-target=\"#Info-table-wrap-9845 h5\" data-responsive-json-new=\"{&quot;font-size&quot;:&quot;&quot;,&quot;line-height&quot;:&quot;&quot;}\">B traditionnel Bo\u00eete manuelle<\/h3>\n<\/div>\n<ul>\n<li>Inscription \u00e0 partir de : 16 ans<\/li>\n<li>Formation pratique minimum : 20 heures<\/li>\n<li>Examen pratique \u00e0 partir de : 17 ans<\/li>\n<li>D\u00e9lai probatoire : 3 ans<\/li>\n<\/ul>\n<p>[\/vc_column_text][\/vc_column][\/vc_row][vc_row][vc_column][vc_column_text]<\/p>\n<div id=\"Info-table-wrap-1765\" class=\"ult_pricing_heading\">\n<div id=\"Info-table-wrap-9149\" class=\"ult_pricing_heading\">\n<h3 class=\"ult-responsive\" data-ultimate-target=\"#Info-table-wrap-9149 h3\" data-responsive-json-new=\"{&quot;font-size&quot;:&quot;&quot;,&quot;line-height&quot;:&quot;&quot;}\">B 78 Bo\u00eete automatique<\/h3>\n<\/div>\n<\/div>\n<ul>\n<li>Inscription \u00e0 partir de : 16 ans<\/li>\n<li>Formation pratique minimum : 13 heures<\/li>\n<li>Examen pratique \u00e0 partir de : 17 ans<\/li>\n<li>D\u00e9lai probatoire : 3 ans<\/li>\n<\/ul>\n<p>[\/vc_column_text][\/vc_column][\/vc_row][vc_row][vc_column][vc_column_text]<\/p>\n<div id=\"Info-table-wrap-1765\" class=\"ult_pricing_heading\">\n<h3 class=\"ult-responsive\" data-ultimate-target=\"#Info-table-wrap-1765 h3\" data-responsive-json-new=\"{&quot;font-size&quot;:&quot;&quot;,&quot;line-height&quot;:&quot;&quot;}\">Conduite supervis\u00e9e<\/h3>\n<\/div>\n<ul>\n<li>Inscription \u00e0 partir de : 16 ans<\/li>\n<li>Formation pratique minimum : 20 heures bo\u00eete manuelle \/ 13 heures bo\u00eete automatique<\/li>\n<li>Phase de conduite accompagn\u00e9e : \u00e0 partir de 18 ans avec un rendez-vous pr\u00e9alable avec accompagnateur(trice)<\/li>\n<li>D\u00e9lai probatoire : 3 ans<\/li>\n<\/ul>\n<p>[\/vc_column_text][vc_column_text css_animation=\u00a0\u00bblightSpeedIn\u00a0\u00bb css=\u00a0\u00bb.vc_custom_1744189188196{background-color: #dd9933 !important;}\u00a0\u00bb]<\/p>\n<h5><strong>La conduite supervis\u00e9e est une formation solicit\u00e9e car :<\/strong><\/h5>\n<ul>\n<li>\n<h5><strong>Elle permet d&rsquo;avoir une formation compl\u00e8te<\/strong><\/h5>\n<\/li>\n<\/ul>\n<h5><strong>Tu b\u00e9n\u00e9ficies d&rsquo;une formation s\u00e9rieuse et tu es entour\u00e9(e) de plusieurs interlocuteurs : l&rsquo;auto-\u00e9cole et les accompagnateurs.<\/strong><\/h5>\n<ul>\n<li>\n<h5><strong>Pas de stress<\/strong><\/h5>\n<\/li>\n<\/ul>\n<h5><strong>La r\u00e9ussite est \u00e0 la clef ! Tu passes l&rsquo;\u00e9preuve pratique plus d\u00e9tendu(e), tu as plus de chance d&rsquo;avoir le permis du premier coup en optant pour cette formation d\u00e8s l&rsquo;inscription ou apr\u00e8s avoir \u00e9chouer \u00e0 l&rsquo;examen pratique, tu peux souscrire \u00e0 cette formation afin d&rsquo;avoir de meilleures chances de r\u00e9ussite pour ton second passage !<\/strong><\/h5>\n<ul>\n<li>\n<h5><strong>Tu fais des \u00e9conomies<\/strong><\/h5>\n<\/li>\n<\/ul>\n<h5><strong>Si tu as ton permis du premier coup, tu \u00e9conomises &#8230;<\/strong><\/h5>\n<h5>Tu vas acqu\u00e9rir un maximum d&rsquo;exp\u00e9rience et de confiance au volant avant l&rsquo;examen !<\/h5>\n<h5>Si tu as \u00e9chou\u00e9 \u00e0 l&rsquo;\u00e9preuve pratique, tu vas continuer \u00e0 consolider tes acquis \u00e0 moindre co\u00fbt!<\/h5>\n<h5>Les contraintes sont plus souples que l&rsquo;AAC, pas de kilom\u00e9trage minimum \u00e0 faire !<\/h5>\n<p>[\/vc_column_text][\/vc_column][\/vc_row][vc_row css=\u00a0\u00bb.vc_custom_1678722476361{margin-bottom: 20px !important;}\u00a0\u00bb][vc_column]<div id=\"ultimate-heading-530669fb3098d2582\" class=\"uvc-heading ult-adjust-bottom-margin ultimate-heading-530669fb3098d2582 uvc-4903 accent-border-color uvc-heading-default-font-sizes\" data-hspacer=\"line_only\"  data-halign=\"left\" style=\"text-align:left\"><div class=\"uvc-main-heading ult-responsive\"  data-ultimate-target='.uvc-heading.ultimate-heading-530669fb3098d2582 h2'  data-responsive-json-new='{\"font-size\":\"\",\"line-height\":\"\"}' ><h2 style=\"--font-weight:theme;\">La Formation Th\u00e9orique<\/h2><\/div><div class=\"uvc-heading-spacer line_only\" style=\"topheight:4px;\"><span class=\"uvc-headings-line\" style=\"border-style:solid;border-bottom-width:4px;border-color:#f6f7f7;width:50px;\"><\/span><\/div><\/div>[\/vc_column][\/vc_row][vc_row][vc_column][vc_column_text]<\/p>\n<h3>La formation th\u00e9orique porte sur la connaissance des r\u00e8glements concernant la circulation et la conduite d&rsquo;un v\u00e9hicule ainsi que sur le comportement du conducteur<\/h3>\n<p>Les cours sont dispens\u00e9s, dans les locaux de l&rsquo;\u00e9cole de conduite, par un enseignant de la conduite et de la s\u00e9curit\u00e9 routi\u00e8re titulaire d&rsquo;une autorisation d&rsquo;enseigner en cours de validit\u00e9 selon les horaires fix\u00e9s par l&rsquo;auto-\u00e9cole..[\/vc_column_text][\/vc_column][\/vc_row][vc_row][vc_column][vc_column_text]<\/p>\n<h3>L&rsquo;entra\u00eenement au code est suivi :<\/h3>\n<ul>\n<li>Dans les locaux de l&rsquo;\u00e9cole de conduite avec un support m\u00e9dia<\/li>\n<li>Dans les locaux de l&rsquo;\u00e9cole de conduite avec un enseignant selon les horaires fix\u00e9s<\/li>\n<li>Pr\u00e9pacode (163 s\u00e9ries sur un site professionnel)<\/li>\n<li>Livre de code<\/li>\n<\/ul>\n<p>[\/vc_column_text][\/vc_column][\/vc_row][vc_row][vc_column][vc_column_text]<\/p>\n<h3>La formation th\u00e9orique porte sur :<\/h3>\n<ul>\n<li>Les dispositions l\u00e9gales en mati\u00e8re de circulation routi\u00e8re<\/li>\n<li>Le conducteur : les effets dus \u00e0 une consommation d&rsquo;alcool, de drogue et de m\u00e9dicaments sur la conduite, l&rsquo;influence de la fatigue sur la conduite, la pression sociale (publicit\u00e9, travail&#8230;) et la pression des pairs.<\/li>\n<li>La route : les risques li\u00e9s aux conditions m\u00e9t\u00e9orologiques et aux \u00e9tats de la chauss\u00e9e.<\/li>\n<li>Les autres usagers de la route : la vigilance et les attitudes \u00e0 l&rsquo;\u00e9gard des autres usagers, les usagers vuln\u00e9rables, les sp\u00e9cificit\u00e9s de certaines cat\u00e9gorie de v\u00e9hicules et les diff\u00e9rentes conditions de visibilit\u00e9 de leur conducteurs.<\/li>\n<li>La r\u00e9glementation g\u00e9n\u00e9rale : le transport d&rsquo;un chargement et de personne, la r\u00e9glementation relative \u00e0 l&rsquo;obligation d&rsquo;assurance et aux documents administratifs li\u00e9s \u00e0 l&rsquo;utilisation du v\u00e9hicule.<\/li>\n<li>Les gestes de premiers secours.<\/li>\n<li>Les pr\u00e9cautions n\u00e9cessaires \u00e0 prendre en quittant le v\u00e9hicule.<\/li>\n<li>Les \u00e9l\u00e9ments m\u00e9caniques et autres \u00e9quipements li\u00e9s \u00e0 la s\u00e9curit\u00e9.<\/li>\n<li>Les \u00e9quipements de s\u00e9curit\u00e9s des v\u00e9hicules.<\/li>\n<li>Les r\u00e8gles d&rsquo;utilisations du v\u00e9hicule en relation avec le respect de l&rsquo;environnement.<\/li>\n<\/ul>\n<p>[\/vc_column_text][\/vc_column][\/vc_row][vc_row css=\u00a0\u00bb.vc_custom_1678722515066{margin-bottom: 20px !important;}\u00a0\u00bb][vc_column]<div id=\"ultimate-heading-921769fb3098d25aa\" class=\"uvc-heading ult-adjust-bottom-margin ultimate-heading-921769fb3098d25aa uvc-4477 accent-border-color uvc-heading-default-font-sizes\" data-hspacer=\"line_only\"  data-halign=\"left\" style=\"text-align:left\"><div class=\"uvc-main-heading ult-responsive\"  data-ultimate-target='.uvc-heading.ultimate-heading-921769fb3098d25aa h2'  data-responsive-json-new='{\"font-size\":\"\",\"line-height\":\"\"}' ><h2 style=\"--font-weight:theme;\">La Formation Pratique<\/h2><\/div><div class=\"uvc-heading-spacer line_only\" style=\"topheight:4px;\"><span class=\"uvc-headings-line\" style=\"border-style:solid;border-bottom-width:4px;border-color:#f6f7f7;width:50px;\"><\/span><\/div><\/div>[\/vc_column][\/vc_row][vc_row][vc_column][vc_column_text]<\/p>\n<h3>La formation pratique porte sur la conduite d&rsquo;un v\u00e9hicule et sur la sensibilisation aux diff\u00e9rents risques de la route<\/h3>\n<p>Les 4 comp\u00e9tences et les comp\u00e9tences associ\u00e9es ci-dessous sont enseign\u00e9es et doivent \u00eatre acquises en fin de formation. Elles sont trait\u00e9es en abordant les points suivants : le pourquoi, le comment, les risques, les influence de l&rsquo;entourage et du mode de vie de l&rsquo;\u00e9l\u00e8ve, les pressions exerc\u00e9es par la soci\u00e9t\u00e9 telles que la publicit\u00e9s, le travail et l&rsquo;auto \u00e9valuation.<\/p>\n<p>&nbsp;<\/p>\n<p><strong>COMP\u00c9TENCE 1 : MA\u00ceTRISER LE MANIEMENT DU V\u00c9HICULE DANS UN TRAFIC FAIBLE OU NUL<\/strong><\/p>\n<ul>\n<li>Conna\u00eetre les principaux organes et commandes du v\u00e9hicule, effectuer des v\u00e9rifications int\u00e9rieures et ext\u00e9rieures.<\/li>\n<li>Entrer, s&rsquo;installer au poste de conduite et en sortir.<\/li>\n<li>Tenir, tourner le volant et maintenir la trajectoire.<\/li>\n<li>D\u00e9marrer et s&rsquo;arr\u00eater.<\/li>\n<li>Doser l&rsquo;acc\u00e9l\u00e9ration et le freinage \u00e0 diverses allures.<\/li>\n<li>Utiliser la boite de vitesses<\/li>\n<li>Diriger la voiture en avant en ligne droite et en courbe en adaptant allure et trajectoire<\/li>\n<li>Regarder autour de soi et avertir.<\/li>\n<li>Effectuer une marche arri\u00e8re et un demi tour en s\u00e9curit\u00e9.<\/li>\n<\/ul>\n<p>&nbsp;<\/p>\n<p><strong>COMP\u00c9TENCE 2 : APPR\u00c9HENDER LA ROUTE ET CIRCULER DANS DES CONDITIONS NORMALES<\/strong><\/p>\n<ul>\n<li>Rechercher la signalisation, les indices utiles et en tenir compte.<\/li>\n<li>Positionner le v\u00e9hicule sur la chauss\u00e9e et choisir la voie de circulation.<\/li>\n<li>Adapter l&rsquo;allure aux situations.<\/li>\n<li>Tourner \u00e0 droite et \u00e0 gauche en agglom\u00e9ration<\/li>\n<li>D\u00e9tecter, identifier et franchir les intersections suivant le r\u00e9gime de priorit\u00e9.<\/li>\n<li>Franchir les ronds-points et les carrefours \u00e0 sens giratoire.<\/li>\n<li>S&rsquo;arr\u00eater et stationner en \u00e9pi, en bataille, et en cr\u00e9neau.<\/li>\n<\/ul>\n<p>&nbsp;<\/p>\n<p><strong>COMP\u00c9TENCE 3 : CIRCULER DANS DES CONDITIONS DIFFIC ILES ET PARTAGER LA ROUTE AVEC LES AUTRES USAGERS<\/strong><\/p>\n<ul>\n<li>\u00c9valuer et maintenir les distances de s\u00e9curit\u00e9<\/li>\n<li>Croiser, d\u00e9passer, \u00eatre d\u00e9pass\u00e9.<\/li>\n<li>Passer les virages et conduire en d\u00e9clivit\u00e9.<\/li>\n<li>Connaitre les caract\u00e9ristiques des autres usagers et savoir se comporter \u00e0 leur \u00e9gard, avec respect et courtoisie.<\/li>\n<li>S&rsquo;ins\u00e9rer, circuler et sortir d&rsquo;une voie rapide.<\/li>\n<li>Conduire dans une file de v\u00e9hicules et dans la circulation dense.<\/li>\n<li>Connaitre les r\u00e8gles relatives \u00e0 la circulation inter-files des motocyclistes. Savoir en tenir compte.<\/li>\n<li>Conduire quand l&rsquo;adh\u00e9rence et la visibilit\u00e9 sont r\u00e9duites.<\/li>\n<li>Conduire \u00e0 l&rsquo;abord et dans la travers\u00e9e d&rsquo;ouvrages routiers tel que les tunnels, les ponts etc;;; .<\/li>\n<\/ul>\n<p>&nbsp;<\/p>\n<p><strong>COMP\u00c9TENCE 4 : PRATIQUER UNE CONDUITE AUTONOME, S\u00dbRE ET \u00c9CONOMIQUE<\/strong><\/p>\n<ul>\n<li>Suivre un itin\u00e9raire de mani\u00e8re autonome.<\/li>\n<li>Pr\u00e9parer et effectuer un voyage longue distance en autonomie.<\/li>\n<li>Conna\u00eetre les principaux facteurs de risque au volant et les recommandations \u00e0 appliquer.<\/li>\n<li>Conna\u00eetre les comportements \u00e0 adopter en cas d&rsquo;accident : Prot\u00e9ger, Alerter, Secourir.<\/li>\n<li>Faire l&rsquo;exp\u00e9rience des aides \u00e0 la conduite du v\u00e9hicule (r\u00e9gulateur, limiteur de vitesse, ABS, aides \u00e0 la navigation, etc&#8230;)<\/li>\n<li>Avoir des notions sur l&rsquo;entretien, le d\u00e9pannage et les situations d&rsquo;urgence.<\/li>\n<li>Pratiquer l&rsquo;\u00e9coconduite.<\/li>\n<\/ul>\n<p>[\/vc_column_text][\/vc_column][\/vc_row][vc_row][vc_column]<div id=\"ultimate-heading-478269fb3098d25ce\" class=\"uvc-heading ult-adjust-bottom-margin ultimate-heading-478269fb3098d25ce uvc-7270 accent-border-color uvc-heading-default-font-sizes\" data-hspacer=\"line_only\"  data-halign=\"left\" style=\"text-align:left\"><div class=\"uvc-main-heading ult-responsive\"  data-ultimate-target='.uvc-heading.ultimate-heading-478269fb3098d25ce h2'  data-responsive-json-new='{\"font-size\":\"\",\"line-height\":\"\"}' ><h2 style=\"--font-weight:theme;\">Les \u00c9preuves Du Permis<\/h2><\/div><div class=\"uvc-heading-spacer line_only\" style=\"topheight:4px;\"><span class=\"uvc-headings-line\" style=\"border-style:solid;border-bottom-width:4px;border-color:#ccc;width:50px;\"><\/span><\/div><\/div>[\/vc_column][\/vc_row][vc_row][vc_column][vc_column_text]<strong>\u00c9PREUVE TH\u00c9ORIQUE G\u00c9N\u00c9RALE : LE CODE<\/strong><\/p>\n<ul>\n<li>40 questions dont 4 en vid\u00e9o : 35 bonnes r\u00e9ponses pour obtenir le code.<\/li>\n<li>Valable 5 ans<\/li>\n<\/ul>\n<p><strong>\u00c9PREUVE PRATIQUE\u00a0<\/strong><\/p>\n<ul>\n<li>Dur\u00e9e de 32 minutes.<\/li>\n<li>Conduite en agglom\u00e9ration et sur route et\/ou autoroute.<\/li>\n<li>Un arr\u00eat de pr\u00e9cision et une man\u0153uvre en marche arri\u00e8re.<\/li>\n<li>Une question de v\u00e9rification \u00e0 l&rsquo;int\u00e9rieur ou \u00e0 l&rsquo;ext\u00e9rieur du v\u00e9hicule, une question en lien avec la s\u00e9curit\u00e9 routi\u00e8re et une question de premiers secours.<\/li>\n<\/ul>\n<p>[\/vc_column_text][\/vc_column][\/vc_row][vc_row][vc_column]<div id=\"ultimate-heading-615669fb3098d25ef\" class=\"uvc-heading ult-adjust-bottom-margin ultimate-heading-615669fb3098d25ef uvc-9778 accent-border-color uvc-heading-default-font-sizes\" data-hspacer=\"line_only\"  data-halign=\"left\" style=\"text-align:left\"><div class=\"uvc-main-heading ult-responsive\"  data-ultimate-target='.uvc-heading.ultimate-heading-615669fb3098d25ef h2'  data-responsive-json-new='{\"font-size\":\"\",\"line-height\":\"\"}' ><h2 style=\"--font-weight:theme;\">Prise En Compte De L'Handicap<\/h2><\/div><div class=\"uvc-heading-spacer line_only\" style=\"topheight:4px;\"><span class=\"uvc-headings-line\" style=\"border-style:solid;border-bottom-width:4px;border-color:#ccc;width:50px;\"><\/span><\/div><\/div>[\/vc_column][\/vc_row][vc_row][vc_column][vc_column_text]Notre auto-\u00e9cole n&rsquo;est pas sp\u00e9cialis\u00e9e pour la prise en charge du handicap. Nous pouvons vous proposer une assistance pour rechercher une structure ad\u00e9quate.<\/p>\n<p>Nous vous sugg\u00e9rons de contacter :[\/vc_column_text][\/vc_column][\/vc_row][vc_row][vc_column][vc_column_text]<\/p>\n<ul>\n<li>Ecole de Conduite Associative\u00a0 PEP &#8211; 64 rue de Marzy 58000 Nevers &#8211; T\u00e9l : 03 86 57 46 99 &#8211;<\/li>\n<li>Auto-Moto Passion &#8211; 34 rue Jean Jaures 58000 Nevers &#8211; T\u00e8l : 03 86 23 98 69 &#8211; V\u00e9hicule adapt\u00e9 Handicap<\/li>\n<\/ul>\n<p>[\/vc_column_text][\/vc_column][\/vc_row][vc_row][vc_column][vc_btn title=\u00a0\u00bbEvaluation de d\u00e9part\u00a0\u00bb link=\u00a0\u00bburl:https%3A%2F%2Fauto-ecole-nevers.com%2Fwp-content%2Fuploads%2F2025%2F04%2Feasysysteme-observer.pdf|target:_blank\u00a0\u00bb][\/vc_column][\/vc_row]<\/p>\n","protected":false},"excerpt":{"rendered":"<p>[vc_row css=\u00a0\u00bb.vc_custom_1678722370488{margin-bottom: 20px !important;}\u00a0\u00bb][vc_column][\/vc_column][\/vc_row][vc_row][vc_column][vc_column_text] Apprentissage anticip\u00e9 de la conduite AAC Inscription \u00e0 partir de : 15 ans Formation pratique minimum : 20 heures bo\u00eete manuelle \/ 13 heures bo\u00eete automatique Phase de conduite accompagn\u00e9e : Un rendez-vous pr\u00e9alable avec accompagnateur(trice) Conditions minimum requises pour l&rsquo;examen pratique : 2 rendez-vous p\u00e9dagogiques avec pr\u00e9sence d&rsquo;un accompagnateur(trice) et&hellip;<\/p>\n","protected":false},"author":1,"featured_media":0,"parent":27,"menu_order":0,"comment_status":"closed","ping_status":"closed","template":"","meta":{"footnotes":""},"class_list":["post-1333","page","type-page","status-publish","hentry","description-off"],"aioseo_notices":[],"_links":{"self":[{"href":"https:\/\/auto-ecole-nevers.com\/index.php?rest_route=\/wp\/v2\/pages\/1333","targetHints":{"allow":["GET"]}}],"collection":[{"href":"https:\/\/auto-ecole-nevers.com\/index.php?rest_route=\/wp\/v2\/pages"}],"about":[{"href":"https:\/\/auto-ecole-nevers.com\/index.php?rest_route=\/wp\/v2\/types\/page"}],"author":[{"embeddable":true,"href":"https:\/\/auto-ecole-nevers.com\/index.php?rest_route=\/wp\/v2\/users\/1"}],"replies":[{"embeddable":true,"href":"https:\/\/auto-ecole-nevers.com\/index.php?rest_route=%2Fwp%2Fv2%2Fcomments&post=1333"}],"version-history":[{"count":84,"href":"https:\/\/auto-ecole-nevers.com\/index.php?rest_route=\/wp\/v2\/pages\/1333\/revisions"}],"predecessor-version":[{"id":1713,"href":"https:\/\/auto-ecole-nevers.com\/index.php?rest_route=\/wp\/v2\/pages\/1333\/revisions\/1713"}],"up":[{"embeddable":true,"href":"https:\/\/auto-ecole-nevers.com\/index.php?rest_route=\/wp\/v2\/pages\/27"}],"wp:attachment":[{"href":"https:\/\/auto-ecole-nevers.com\/index.php?rest_route=%2Fwp%2Fv2%2Fmedia&parent=1333"}],"curies":[{"name":"wp","href":"https:\/\/api.w.org\/{rel}","templated":true}]}}